alse
Is 536 a factor of 4406504668?
False
Is 75 a factor of 48484350?
True
Does 47 divide 290496331?
True
Is 1000930 a multiple of 19?
False
Does 8 divide 19706480?
True
Is 1813683480 a multiple of 210?
True
Is 2609 a factor of 1832204355?
False
Is 1091022516 a multiple of 12?
True
Is 19 a factor of 676695849?
True
Is 8423062 a multiple of 4?
False
Is 1369 a factor of 93242590?
True
Is 127 a factor of 25966123?
False
Is 25056368 a multiple of 16?
True
Is 7612620 a multiple of 284?
True
Does 107 divide 147344330?
False
Is 111911107 a multiple of 13?
False
Does 99 divide 5377747?
False
Is 98213897 a multiple of 11?
False
Does 108 divide 174224414?
False
Does 72 divide 16754976?
True
Is 90529364 a multiple of 5?
False
Is 44010404 a multiple of 152?
False
Is 726921776 a multiple of 248?
False
Is 67 a factor of 67044557?
False
Is 5156895846 a multiple of 537?
True
Does 2100 divide 369104400?
True
Is 1780 a factor of 430233120?
True
Is 320171136 a multiple of 192?
True
Is 15856512 a multiple of 84?
True
Is 32 a factor of 66511904?
True
Does 72 divide 78373368?
True
Is 43 a factor of 279441816?
False
Is 75069169 a multiple of 64?
False
Is 561038638 a multiple of 101?
True
Is 2 a factor of 311815175?
False
Does 892 divide 164332268?
True
Is 3 a factor of 89727693?
True
Does 1964 divide 92276576?
True
Does 7 divide 374719?
False
Does 52 divide 570734632?
True
Is 994459900 a multiple of 140?
True
Is 240 a factor of 82817246?
False
Is 2496763137 a multiple of 4859?
True
Is 1638 a factor of 71328348?
True
Is 92 a factor of 2903875672?
True
Is 138 a factor of 2644356?
True
Does 80 divide 7223840?
True
Is 258942164 a multiple of 221?
True
Is 12689014 a multiple of 152?
False
Does 749 divide 54678061?
False
Does 521 divide 20070310?
False
Does 1840 divide 3769125920?
True
Is 12573819 a multiple of 873?
True
Does 983 divide 764984362?
True
Is 1171703342 a multiple of 10?
False
Is 14 a factor of 1801660?
True
Is 21 a factor of 20018812?
False
Does 4099 divide 55479745?
False
Is 683 a factor of 751730290?
True
Is 99891047 a multiple of 23?
True
Is 10 a factor of 1333181160?
True
Is 7231661 a multiple of 5?
False
Is 108 a factor of 190460067?
False
Does 3 divide 27912043?
False
Is 3257471997 a multiple of 13?
True
Is 12854322 a multiple of 18?
True
Is 322014030 a multiple of 10?
True
Is 12 a factor of 1104485669?
False
Is 7 a factor of 2585233?
True
Is 136496961 a multiple of 200?
False
Does 186 divide 38832991?
False
Does 135 divide 504477451?
False
Is 238370801 a multiple of 13?
False
Does 5 divide 64230155?
True
Does 552 divide 112367353?
False
Does 1734 divide 114721349?
False
Is 17326900 a multiple of 100?
True
Is 4018715 a multiple of 550?
False
Is 1840536156 a multiple of 38?
True
Is 48443469 a multiple of 49?
False
Is 15928234 a multiple of 8?
False
Is 51 a factor of 982729232?
False
Is 12321 a factor of 5190647212?
False
Does 2525 divide 1283654450?
True
Is 763162007 a multiple of 1000?
False
Is 16 a factor of 2316589662?
False
Does 21 divide 93061315?
False
Is 2671 a factor of 839164096?
True
Is 859 a factor of 582173523?
False
Does 12 divide 1635327588?
True
Is 8 a factor of 410925338?
False
Is 3 a factor of 45469554?
True
Is 17616391 a multiple of 42?
False
Does 9 divide 8501337?
True
Is 18 a factor of 50461398?
True
Is 23 a factor of 181925124?
True
Is 751 a factor of 95890096?
False
Is 310819149 a multiple of 662?
False
Is 7426 a factor of 3452421660?
True
Is 24047400 a multiple of 600?
True
Is 35 a factor of 1166147800?
False
Is 33169620 a multiple of 29?
True
Does 631 divide 10019038?
False
Is 977 a factor of 7515239?
False
Is 330037428 a multiple of 8?
False
Is 372 a factor of 164415242?
False
Does 11 divide 150910728?
False
Is 2473 a factor of 18911031?
True
Does 979 divide 1765735219?
False
Does 1036 divide 644087416?
True
Is 157 a factor of 3164178?
True
Does 1202 divide 325147010?
True
Is 1042 a factor of 111675370?
False
Is 313163020 a multiple of 2606?
True
Is 87816028 a multiple of 6?
False
Is 99 a factor of 14579681?
False
Does 226 divide 139131928?
True
Does 15 divide 46670040?
True
Does 221 divide 897571568?
False
Does 196 divide 500494073?
False
Is 2479152 a multiple of 2192?
True
Is 41283484 a multiple of 47?
True
Is 83 a factor of 3065011633?
True
Does 817 divide 12971733?
False
Is 2761920 a multiple of 14?
True
Is 93206195 a multiple of 31?
False
Is 72 a factor of 99201960?
True
Does 13 divide 122883540?
True
Is 7240150 a multiple of 359?
False
Is 102 a factor of 884224026?
True
Does 68 divide 1576182243?
False
Is 30938606 a multiple of 18?
False
Is 39019684 a multiple of 22?
True
Is 345 a factor of 1648956135?
True
Is 385 a factor of 6185795?
True
Is 15 a factor of 2865675?
True
Does 1112 divide 71797233?
False
Is 12040924 a multiple of 14?
True
Is 3904402168 a multiple of 6233?
False
Is 108 a factor of 37747296?
True
Does 195 divide 169334490?
True
Does 2192 divide 279398896?
True
Is 50 a factor of 1441844700?
True
Is 835284904 a multiple of 274?
False
Does 338 divide 939068442?
True
Does 231 divide 119999118?
False
Is 362938853 a multiple of 2835?
False
Does 2834 divide 367137533?
False
Is 126640233 a multiple of 10?
False
Does 9 divide 48177894?
False
Is 1353717720 a multiple of 45?
True
Is 888560812 a multiple of 206?
True
Does 20 divide 113066020?
True
Is 545334168 a multiple of 59?
True
Is 4001 a factor of 2557555229?
True
Is 2026 a factor of 44016545?
False
Is 24044645 a multiple of 287?
False
Does 976 divide 1043342048?
True
Does 53 divide 190912678?
True
Is 199 a factor of 42787985?
True
Is 4498690 a multiple of 5?
True
Is 9 a factor of 16201515?
False
Is 172 a factor of 286617010?
False
Does 1496 divide 368512672?
True
Is 16 a factor of 44319360?
True
Is 4461 a factor of 1543506?
True
Does 92 divide 11776276?
True
Is 1951898545 a multiple of 897?
False
Is 134 a factor of 258841078?
False
Is 19 a factor of 267159233?
False
Is 164539493 a multiple of 364?
False
Is 9 a factor of 18632139?
False
Is 49016858 a multiple of 11?
True
Is 16701163 a multiple of 1621?
True
Is 122 a factor of 22641248?
True
Does 89 divide 202204440?
True
Is 29918062 a multiple of 11?
False
Is 324 a factor of 5271143930?
False
Is 16340284 even?
True
Is 4 a factor of 1331812?
True
Is 105907875 a multiple of 925?
True
Is 3839737 a multiple of 35?
False
Is 6981166221 a multiple of 17?
False
Is 120 a factor of 3339657?
False
Does 36 divide 109429869?
False
Is 81 a factor of 29588106?
False
Does 53 divide 296163029?
False
Does 2770 divide 73964540?
True
Does 8 divide 9050875?
False
Does 13 divide 267129576?
False
Does 250 divide 71443276?
False
Is 48722303 a multiple of 6?
False
Does 1902 divide 571284720?
True
Is 253 a factor of 12943227?
True
Is 8 a factor of 139726288?
True
Is 5 a factor of 11337960?
True
Does 20 divide 258319960?
True
Is 114075089 even?
False
Is 472 a factor of 33754394?
False
Is 729 a factor of 269087751?
True
Is 68610993 a multiple of 2264?
False
Is 6709 a factor of 1547820256?
False
Is 2080303 a multiple of 33?
False
Is 27067576 a multiple of 609?
False
Is 639386875 a multiple of 625?
True
Is 15 a factor of 220994430?
True
Is 1821 a factor of 856907970?
True
Does 1297 divide 573965672?
False
Does 32 divide 229145586?
False
Does 211 divide 2891789182?
True
Is 45307798 a multiple of 473?
False
Is 5919642 a multiple of 62?
False
Is 130207686 a multiple of 21?
True
Does 301 divide 433802705?
True
Does 8 divide 99138960?
True
Is 72 a factor of 2361593880?
True
Is 115 a factor of 2147510?
True
Is 368 a factor of 39661568?
True
Does 2250 divide 413694913?
False
Does 661 divide 59086129?
True
Is 109823132 a multiple of 144?
False
Does 113 divide 3115900046?
False
Is 29 a factor of 819852562?
True
Is 123501550 a multiple of 50?
True
Is 291758672 a multiple of 8831?
False
Is 247 a factor of 585412192?
False
Is 76172184 a multiple of 108?
True
Does 9 divide 797835187?
False
Does 13 divide 766252985?
False
Is 54949890 a multiple of 3?
True
Is 109686730 a multiple of 35?
False
Is 187 a factor of 48187100?
False
Does 836 divide 10004124?
False
Is 84 a factor of 12824280?
True
Is 2519785632 a multiple of 84?
True
Is 2557 a factor of 55438317?
True
Is 867 a factor of 279218906?
False
Is 268 a factor of 34019771?
False
Is 528823950 a multiple 